{"id":97,"date":"2018-11-22T16:50:56","date_gmt":"2018-11-22T15:50:56","guid":{"rendered":"http:\/\/www.chromatique.net\/?page_id=97"},"modified":"2022-02-28T10:30:12","modified_gmt":"2022-02-28T09:30:12","slug":"equipe","status":"publish","type":"page","link":"https:\/\/www.chromatique.net\/index.php\/equipe\/","title":{"rendered":"Equipe"},"content":{"rendered":"\n<h4>R\u00e9alisation de Chromatique.net<\/h4>\n\n\n\n<p>Fermi Paradox : D\u00e9veloppement Web, maintenance BDD<\/p>\n\n\n\n<p>Nicolas Fournier&nbsp;: D\u00e9veloppement Web<\/p>\n\n\n\n<p>Christophe Manh\u00e8s : Graphisme<\/p>\n\n\n\n<p>Jean-Philippe Haas : Community Manager<\/p>\n\n\n\n<p>Virginie Musial : Correctrice<\/p>\n\n\n\n<h1 style=\"font-size:12px\"><strong>Photographes :<\/strong><\/h1>\n\n\n\n<p>Christian Arnaud<\/p>\n\n\n\n<p>Marjorie Coulin<\/p>\n\n\n\n<p style=\"font-size:12px\"><strong>R\u00e9dacteurs :<\/strong><\/p>\n\n\n\n<p><a href=\"http:\/\/www.chromatique.net\/index.php\/author\/ancestor\/\">Ancestor<\/a><\/p>\n\n\n\n<p><a href=\"http:\/\/www.chromatique.net\/index.php\/author\/fcanepa\/\">Florent Canepa<\/a><\/p>\n\n\n\n<p><a href=\"http:\/\/www.chromatique.net\/index.php\/author\/mcarre\/\">Mathieu Carr\u00e9<\/a><\/p>\n\n\n\n<p><a href=\"http:\/\/www.chromatique.net\/index.php\/author\/fchouette\/\">CHFAB<\/a><\/p>\n\n\n\n<p><a href=\"http:\/\/www.chromatique.net\/index.php\/author\/rdugue\/\">Rapha\u00ebl Dugu\u00e9<\/a><\/p>\n\n\n\n<p><a href=\"http:\/\/www.chromatique.net\/index.php\/author\/jgiet\/\">Julien Giet<\/a><\/p>\n\n\n\n<p><a href=\"http:\/\/www.chromatique.net\/index.php\/author\/jhaas\/\">Jean-Philippe Haas<\/a><\/p>\n\n\n\n<p><a href=\"http:\/\/www.chromatique.net\/index.php\/author\/tdharo\/\">Thierry De Haro<\/a><\/p>\n\n\n\n<p><a href=\"http:\/\/www.chromatique.net\/index.php\/author\/flayani\/\">Fanny Layani<\/a><\/p>\n\n\n\n<p><a href=\"http:\/\/www.chromatique.net\/index.php\/author\/alezy\/\">Aleksandr L\u00e9zy<\/a><\/p>\n\n\n\n<p><a href=\"http:\/\/www.chromatique.net\/index.php\/author\/malcolm\/\">Malcolm<\/a><\/p>\n\n\n\n<p><a href=\"http:\/\/www.chromatique.net\/index.php\/author\/eparnaudeau\/\">Elisabeth Parnaudeau<\/a><\/p>\n\n\n\n<p><a href=\"http:\/\/www.chromatique.net\/index.php\/author\/cricaud\/\">Chrysostome Ricaud<\/a><\/p>\n\n\n\n<p><a href=\"http:\/\/www.chromatique.net\/index.php\/author\/fsimon\/\">Florent Simon<\/a><\/p>\n\n\n\n<p><a href=\"http:\/\/www.chromatique.net\/index.php\/author\/dtordjman\/\">Dan Tordjman<\/a><\/p>\n\n\n\n<p><a href=\"http:\/\/www.chromatique.net\/index.php\/author\/vox\/\">Vox<\/a><\/p>\n\n\n\n<p><\/p>\n\n\n\n<p><strong>Anciens\ncollaborateurs<\/strong><\/p>\n\n\n\n<p><a href=\"http:\/\/www.chromatique.net\/index.php\/author\/cgigon\/\">Christophe Gigon<\/a>, <a href=\"http:\/\/www.chromatique.net\/index.php\/author\/dree\/\">David Ree<\/a>, <a href=\"http:\/\/www.chromatique.net\/index.php\/author\/djul\/\">Djul<\/a>, Fabrice Journo, <a href=\"http:\/\/www.chromatique.net\/index.php\/author\/fgonfreville\/\">Florian Gonfreville<\/a>, <a href=\"http:\/\/www.chromatique.net\/index.php\/author\/gfilibert\/\">Greg Filibert<\/a>, <a href=\"http:\/\/www.chromatique.net\/index.php\/author\/gbeauvois\/\">Guillaume Beauvois<\/a>, <a href=\"http:\/\/www.chromatique.net\/index.php\/author\/gchauvat\/\">Guillaume Chauvat<\/a>, <a href=\"http:\/\/www.chromatique.net\/index.php\/author\/jkleisl\/\">Jean-Daniel Kleisl<\/a>, <a href=\"http:\/\/www.chromatique.net\/index.php\/author\/jbernadou\/\">J\u00e9r\u00e9my Bernadou<\/a>, <a href=\"http:\/\/www.chromatique.net\/index.php\/author\/jwalczak\/\">J\u00e9r\u00f4me Walczak<\/a>, <a href=\"http:\/\/www.chromatique.net\/index.php\/author\/jdamotte\/\">Julien Damotte<\/a>, <a href=\"http:\/\/www.chromatique.net\/index.php\/author\/jnegro\/\">Julien Negro<\/a>, <a href=\"http:\/\/www.chromatique.net\/index.php\/author\/jvespen\/\">Julien Van Espen<\/a>, <a href=\"http:\/\/www.chromatique.net\/index.php\/author\/jweyer\/\">Julien Weyer<\/a>, <a href=\"http:\/\/www.chromatique.net\/index.php\/author\/jpoolers\/\">Justin Poolers<\/a>, <a href=\"http:\/\/www.chromatique.net\/index.php\/author\/malias\/\">Marjorie Alias<\/a>, <a href=\"http:\/\/www.chromatique.net\/index.php\/author\/mlalande\/\">Maxime Lalande<\/a>, <a href=\"http:\/\/www.chromatique.net\/index.php\/author\/nsoulat\/\">Nicolas Soulat<\/a>, <a href=\"http:\/\/www.chromatique.net\/index.php\/author\/pgraffin\/\">Pierre Graffin<\/a>, <a href=\"http:\/\/www.chromatique.net\/index.php\/author\/rtagli\/\">R\u00e9gis Tagli<\/a>, R\u00e9my Doobie, <a href=\"http:\/\/www.chromatique.net\/index.php\/author\/samim\/\">Sami M.<\/a>, <a href=\"http:\/\/www.chromatique.net\/index.php\/author\/screpy\/\">Sebastien Cr\u00e9py<\/a>, V. Chassat, <a href=\"http:\/\/www.chromatique.net\/index.php\/author\/wmilleret\/\">Wendy-Anne Milleret<\/a>, <a href=\"http:\/\/www.chromatique.net\/index.php\/author\/xmera\/\">Xavier M\u00e9ra<\/a>, <a href=\"http:\/\/www.chromatique.net\/index.php\/author\/brogel\/\">Brendan Rogel<\/a>, <a href=\"http:\/\/www.chromatique.net\/index.php\/author\/cmanhes\/\">Christophe Manh\u00e8s<\/a>, <a href=\"http:\/\/www.chromatique.net\/index.php\/author\/cqueneaupitol\/\">Cyril Queneau-Pitol<\/a>, <a href=\"http:\/\/www.chromatique.net\/index.php\/author\/gmeyer\/\">Guillaume Meyer<\/a>, <a href=\"http:\/\/www.chromatique.net\/index.php\/author\/jpillac\/\">Jean-Luc Pillac<\/a>, <a href=\"http:\/\/www.chromatique.net\/index.php\/author\/mbriclot\/\">Martial Briclot<\/a>, <a href=\"http:\/\/www.chromatique.net\/index.php\/author\/pwawrzyniak\/\">Pierre Wawrzyniak<\/a>, Sandrine Isenmann, <a href=\"http:\/\/www.chromatique.net\/index.php\/author\/llinussio\/\">Lucas Linussio<\/a>, <a href=\"http:\/\/www.chromatique.net\/index.php\/author\/rbbourdier\/\">Renaud Besse Bourdier<\/a>, <a href=\"http:\/\/www.chromatique.net\/index.php\/author\/agombaudsaintonge\/\">Alexandre Gombaud-Saintonge<\/a>, <a href=\"http:\/\/www.chromatique.net\/index.php\/author\/choreo\/\">Gr\u00e9goire Manh\u00e8s<\/a>, <a href=\"http:\/\/www.chromatique.net\/index.php\/author\/mdelorme\/\">Maxime Delorme<\/a>.<\/p>\n","protected":false},"excerpt":{"rendered":"<p>R\u00e9alisation de Chromatique.net Fermi Paradox : D\u00e9veloppement Web, maintenance BDD Nicolas Fournier&nbsp;: D\u00e9veloppement Web Christophe&#8230;<\/p>\n","protected":false},"author":2,"featured_media":0,"parent":0,"menu_order":0,"comment_status":"closed","ping_status":"closed","template":"","meta":[],"acf":[],"_links":{"self":[{"href":"https:\/\/www.chromatique.net\/index.php\/wp-json\/wp\/v2\/pages\/97"}],"collection":[{"href":"https:\/\/www.chromatique.net\/index.php\/wp-json\/wp\/v2\/pages"}],"about":[{"href":"https:\/\/www.chromatique.net\/index.php\/wp-json\/wp\/v2\/types\/page"}],"author":[{"embeddable":true,"href":"https:\/\/www.chromatique.net\/index.php\/wp-json\/wp\/v2\/users\/2"}],"replies":[{"embeddable":true,"href":"https:\/\/www.chromatique.net\/index.php\/wp-json\/wp\/v2\/comments?post=97"}],"version-history":[{"count":20,"href":"https:\/\/www.chromatique.net\/index.php\/wp-json\/wp\/v2\/pages\/97\/revisions"}],"predecessor-version":[{"id":72766,"href":"https:\/\/www.chromatique.net\/index.php\/wp-json\/wp\/v2\/pages\/97\/revisions\/72766"}],"wp:attachment":[{"href":"https:\/\/www.chromatique.net\/index.php\/wp-json\/wp\/v2\/media?parent=97"}],"curies":[{"name":"wp","href":"https:\/\/api.w.org\/{rel}","templated":true}]}}